 81. Let h = c - -35. What is the highest common divisor of h and 6?
3
Let f(k) = -33*k**2 - 11*k + 10. Let r(x) = 3*x**2 - x + 1. Let p(z) = -f(z) + 2*r(z). Let i be p(1). What is the highest common factor of 110 and i?
10
Let y be 12/9*(-255)/(-68). Suppose 2*t + 74 = y*r, 3*r + t - 42 = 3*t. What is the greatest common divisor of 24 and r?
8
Let p = 92 + -64. Let i = 395 + 276. Suppose 35*c - 2269 = i. Calculate the greatest common factor of c and p.
28
Suppose -36*t - 98078 = -125*t. Calculate the highest common divisor of 190 and t.
38
Let m = -16 - -33. Suppose -2*p + 14 = 18, -3*g = p - 34. Suppose g + 90 = 3*h. What is the greatest common factor of m and h?
17
Let x(a) = a**2. Let t be x(4). Let b be (180/135)/((8/(-6))/(-2)) + 66. What is the highest common factor of t and b?
4
Let a(t) = -30*t + 164 + 38 + 151 + 37 - 17*t. Let m be a(8). Calculate the greatest common factor of 1750 and m.
14
Let x(l) = l**3 + 2*l**2 - 7*l - 3. Let h be x(4). Suppose h = u + 3*y, 5*y - 127 = -8*u + 6*u. What is the greatest common divisor of u and 32?
8
Let b(w) = -17*w + 557. Let y be b(-139). Calculate the greatest common factor of y and 160.
40
Let o(j) = -27*j - 3. Let l be o(-2). Let h = l + -27. Let f(c) = c**2 + 85*c + 1632. Let p be f(-29). Calculate the highest common divisor of p and h.
8
Suppose -5*m + 2*c = 6*c - 14, 2*m = 3*c + 1. Suppose m*d - 50 = -3*d. Let t be 116 - -4*(-9)/6. What is the highest common factor of d and t?
10
Suppose 0 = -3*q - 3*r + 1659, -3*q - 49*r + 1596 = -55*r. Calculate the greatest common divisor of q and 210.
42
Suppose 342*l + 105*l - 2482105 = -20*l. What is the highest common factor of 5 and l?
5
Let x = 225 + -96. Suppose 4*o + 2*t - 480 = 0, -t + x = o - 5*t. Suppose o + 44 = 5*c. Calculate the highest common factor of 22 and c.
11
Let q(t) = -378*t**2 + 13*t + 14. Let m be q(-1). Let l = m + 425. What is the highest common factor of l and 32?
16
Suppose 2*o - 228 + 436 = 0. Let c = 275 + o. What is the highest common divisor of c and 19?
19
Let w = -19731 + 19747. What is the greatest common divisor of 2792 and w?
8
Let h(s) = 5*s + 40. Let j be h(-5). Let d be ((-160)/6)/(((-168)/(-54))/(-14)). Calculate the highest common divisor of j and d.
15
Suppose 0 = -4*q + 5*b + 61462, 4*b + 14613 = 5*q - 62210. Calculate the greatest common divisor of q and 18.
9
Let n(p) = p**2 + 4*p + 28. Let v = 125 - 125. Let l be n(v). Suppose -2*d = -2*g + 54, 4*g = d + 81 + 30. Calculate the highest common divisor of g and l.
28
Suppose t - 4*c = -0*t - 10, 2*t + 11 = 5*c. Let a be ((-1200)/(-9))/t*(-48)/(-32). What is the greatest common divisor of 250 and a?
50
Suppose 362*i - 10961 - 2296 - 9187 = 0. Calculate the highest common divisor of i and 52886.
62
Let f be ((-4200)/(-540) - (0 - -8)) + 11620/45. What is the highest common factor of 1634 and f?
86
Suppose a + 8 = 3. Let d(n) be the first derivative of 2*n**3/3 + 2*n**2 - 28. Let z be d(a). What is the greatest common factor of 30 and z?
30
Let x = 1492 - 1476. What is the highest common divisor of x and 1464?
8
Let j be ((-30)/(-15))/(2/(-4)). Let l = 9 + j. Suppose l*p - 85 = -5*r, 0*p - 30 = -2*r - p. What is the greatest common factor of r and 65?
13
Suppose 9*v - 25 = 4*v. Suppose 0 = v*j - 128 + 38. What is the highest common divisor of 135 and j?
9
Suppose -435 = 57*x - 1008 - 567. Calculate the highest common divisor of 7460 and x.
20
Suppose -98 - 837 = -55*m. Suppose -4*h - m = -3*t, -27*t - h = -26*t - 15. Calculate the greatest common divisor of t and 1111.
11
Suppose 8*c = 23*d - 20*d - 17991, -17970 = -3*d + c. Calculate the highest common factor of d and 159.
53
Suppose -s + 0*s = -2. Let u(z) = 12*z**2 - 6*z + 9. Let y be u(s). Let g = y + -42. Calculate the highest common factor of g and 6.
3
Let f(y) = 8 + y - 5*y - y + 3*y. Let l be f(-26). Calculate the highest common divisor of 48 and l.
12
Let x be ((-1)/(-1) - -4711)*(-39)/(-156). Calculate the greatest common factor of 114 and x.
38
Let w(c) = 11*c - 29 + 6 + 4*c**2 + 8 - 3*c**2. Let q be w(5). What is the greatest common factor of 52 and q?
13
Let l be 1/(0 + (-5)/(-75)*-3) + 3445. What is the greatest common factor of 1075 and l?
215
Let y = 237 - 162. Let c be y - -2 - (-1 - -3). Let h(o) = -14*o**2 + 66*o + 555. Let l be h(9). Calculate the greatest common divisor of l and c.
15
Let y be (-2)/4*-18*7. Let p be (-65)/10*(-19 - 632/(-104)). Calculate the highest common divisor of p and y.
21
Suppose -3*s + 6 = -4*y - 27, 9 = s - 2*y. Suppose 0 = 3*c + 2*u - 13, -3*u + 0*u = 3*c - s. What is the greatest common divisor of c and 1?
1
Suppose 11*f = 12*f - 100. Suppose -20*j = -16*j - f. Suppose -3*a + 8*a - 51 = -4*c, -3*a - c + j = 0. What is the greatest common factor of 49 and a?
7
Let b(z) = 2*z**2 - 14*z + 5. Let u be b(9). Suppose 2*v + 251*g - 898 = 249*g, g + 2 = 0. What is the highest common divisor of u and v?
41
Suppose 9*h - 2357 + 251 = 0. Let z be (-52)/((-1)/(3/6)). Calculate the greatest common divisor of z and h.
26
Suppose 5*h - p = 88, 0 = -2*h - 0*p - 4*p + 44. Let z be (3/h*21 - 4)*-254. Let i = -79 + z. What is the greatest common factor of 8 and i?
8
Suppose 20*d = 24*d + 40. Let j(p) = -p**3 - 12*p**2 - 24*p - 23. Let f be j(d). What is the greatest common factor of f and 153?
17
Suppose 75*q = 4243 - 2253 + 6710. Calculate the highest common factor of 11252 and q.
116
Suppose 8171 = 24*t + 6923. Let x = -10 + 18. What is the highest common factor of x and t?
4
Let d(v) = -106*v + 200. Suppose -5*n - 34 = -2*a, -2*a + 9 = -n - 1. Let l be d(n). What is the greatest common divisor of 76 and l?
76
Let u = -551 - -443. Let w be (-21)/(-2)*(-72)/u. Let o = 40 - 5. Calculate the highest common factor of w and o.
7
Let f(u) = -9. Let w(n) = -n - 13. Let r(z) = 3*f(z) - 2*w(z). Let d be r(3). Let b = 71 - 26. What is the highest common factor of d and b?
5
Suppose 16 + 16 = 2*a. Let g = 568 - 464. Suppose 11*f - 600 = g. Calculate the greatest common factor of a and f.
16
Suppose -60021 = -70*x - 22*x + 5575. What is the highest common factor of 46 and x?
23
Suppose 12*j + j = 0. Suppose j = 5*k - 11*k + 18. Suppose -k*s + 2*h - 22 = -92, 5*s + h = 108. What is the highest common divisor of 88 and s?
22
Let o(g) = 11*g - 2. Let b be o(3). Suppose -6*d + 3*d - 177 = 0. Let x = 369 + d. Calculate the highest common factor of b and x.
31
Let m(x) be the second derivative of 28*x**3/3 - 16*x**2 - 52*x + 1. Let y be m(2). Calculate the highest common factor of y and 260.
20
Let z(x) = x**2 - 13*x - 227. Let c be z(-10). What is the highest common factor of 101 and c?
1
Let o(y) = -y**2 - 2*y + 10. Let l be o(-4). Suppose -6*v + 22 = -2*v + l*s, 12 = 4*v + 4*s. What is the highest common divisor of v and 16?
8
Let v = -244 - -355. Let y = -1057 + 1226. Suppose -v - y = -5*a. What is the greatest common divisor of 56 and a?
56
Let v = 3 - -2. Suppose 3*n + 132 = 3*k, v*n + 4 + 21 = 0. Let b = k - 15. Calculate the highest common factor of b and 16.
8
Suppose 3*k + k + 5*x - 2528 = 0, k - 631 = -x. Let p = 65 - 32. What is the highest common factor of p and k?
33
Let y(t) = 88*t**2 + 864*t - 13. Let f be y(-10). What is the greatest common divisor of 1197 and f?
21
Suppose -62*b = 249*b - 6220. Calculate the greatest common divisor of 17180 and b.
20
Suppose u = 0, -3*o - o = -5*u - 1976. What is the greatest common divisor of o and 19?
19
Let q = 1080 + 2460. Suppose 19*x + q = 16080. Calculate the greatest common factor of x and 20.
20
Let g(v) = -4*v**3 + 8*v**2 - 10*v - 36. Let m be g(-3). Calculate the highest common factor of 3886 and m.
58
Suppose -2*r - 4*c + 180 = 0, 0*r + c + 387 = 4*r. Let s be 5 - -56 - (-3 - 0). What is the highest common factor of s and r?
32
Let w = -26 + 31. Let k be 6 + (-20)/w + 42. Calculate the highest common factor of k and 132.
44
Suppose -4*a = 789 + 543. Let r = a + 335. What is the highest common factor of 274 and r?
2
Let u be 42/(-7)*2/6 - (-47 + -49). What is the highest common factor of 24440 and u?
94
Let g(d) = 4*d**2 + 255*d + 506. Let w be g(-2). What is the greatest common factor of 29280 and w?
12
Let r be (-5 + (-2235)/(-6))/(225/1200). What is the greatest common factor of r and 252?
28
Let d(v) = v**2 + 98*v + 1064. Let 